[INFO] cloning repository https://github.com/gloriousfutureio/changes
[INFO] running `Command { std: "git" "-c" "credential.helper=" "-c" "credential.helper=/workspace/cargo-home/bin/git-credential-null" "clone" "--bare" "https://github.com/gloriousfutureio/changes" "/workspace/cache/git-repos/https%3A%2F%2Fgithub.com%2Fgloriousfutureio%2Fchanges", kill_on_drop: false }`
[INFO] [stderr] Cloning into bare repository '/workspace/cache/git-repos/https%3A%2F%2Fgithub.com%2Fgloriousfutureio%2Fchanges'...
[INFO] running `Command { std: "git" "rev-parse" "HEAD", kill_on_drop: false }`
[INFO] [stdout] c719c85d958e62bfec768d1db78cd763454a468a
[INFO] building gloriousfutureio/changes against master#ff34b919075f35a1787659e9c448a34b06bab8de for issue-85264
[INFO] running `Command { std: "git" "clone" "/workspace/cache/git-repos/https%3A%2F%2Fgithub.com%2Fgloriousfutureio%2Fchanges" "/workspace/builds/worker-4/source", kill_on_drop: false }`
[INFO] [stderr] Cloning into '/workspace/builds/worker-4/source'...
[INFO] [stderr] done.
[INFO] validating manifest of git repo https://github.com/gloriousfutureio/changes on toolchain ff34b919075f35a1787659e9c448a34b06bab8de
[INFO] running `Command { std: "/workspace/cargo-home/bin/cargo" "+ff34b919075f35a1787659e9c448a34b06bab8de" "metadata" "--manifest-path" "Cargo.toml" "--no-deps", kill_on_drop: false }`
[INFO] started tweaking git repo https://github.com/gloriousfutureio/changes
[INFO] finished tweaking git repo https://github.com/gloriousfutureio/changes
[INFO] tweaked toml for git repo https://github.com/gloriousfutureio/changes written to /workspace/builds/worker-4/source/Cargo.toml
[INFO] crate git repo https://github.com/gloriousfutureio/changes already has a lockfile, it will not be regenerated
[INFO] running `Command { std: "/workspace/cargo-home/bin/cargo" "+ff34b919075f35a1787659e9c448a34b06bab8de" "fetch" "--manifest-path" "Cargo.toml", kill_on_drop: false }`
[INFO] [stderr]     Blocking waiting for file lock on package cache
[INFO] [stderr]     Blocking waiting for file lock on package cache
[INFO] running `Command { std: "docker" "create" "-v" "/var/lib/crater-agent-workspace/builds/worker-4/target:/opt/rustwide/target:rw,Z" "-v" "/var/lib/crater-agent-workspace/builds/worker-4/source:/opt/rustwide/workdir:ro,Z" "-v" "/var/lib/crater-agent-workspace/cargo-home:/opt/rustwide/cargo-home:ro,Z" "-v" "/var/lib/crater-agent-workspace/rustup-home:/opt/rustwide/rustup-home:ro,Z" "-e" "SOURCE_DIR=/opt/rustwide/workdir" "-e" "CARGO_TARGET_DIR=/opt/rustwide/target" "-e" "CARGO_HOME=/opt/rustwide/cargo-home" "-e" "RUSTUP_HOME=/opt/rustwide/rustup-home" "-w" "/opt/rustwide/workdir" "-m" "1610612736" "--user" "0:0" "--network" "none" "ghcr.io/rust-lang/crates-build-env/linux@sha256:20528e8c29e4536546f0102ce88568b16ea7538393a33fcca951030f7af10457" "/opt/rustwide/cargo-home/bin/cargo" "+ff34b919075f35a1787659e9c448a34b06bab8de" "metadata" "--no-deps" "--format-version=1", kill_on_drop: false }`
[INFO] [stdout] cd8cc9cf816156687785f4bc54672d2dbc8c99e339a88d299178381626ba1bff
[INFO] [stderr] WARNING: Your kernel does not support swap limit capabilities or the cgroup is not mounted. Memory limited without swap.
[INFO] running `Command { std: "docker" "start" "-a" "cd8cc9cf816156687785f4bc54672d2dbc8c99e339a88d299178381626ba1bff", kill_on_drop: false }`
[INFO] running `Command { std: "docker" "inspect" "cd8cc9cf816156687785f4bc54672d2dbc8c99e339a88d299178381626ba1bff", kill_on_drop: false }`
[INFO] running `Command { std: "docker" "rm" "-f" "cd8cc9cf816156687785f4bc54672d2dbc8c99e339a88d299178381626ba1bff", kill_on_drop: false }`
[INFO] [stdout] cd8cc9cf816156687785f4bc54672d2dbc8c99e339a88d299178381626ba1bff
[INFO] running `Command { std: "docker" "create" "-v" "/var/lib/crater-agent-workspace/builds/worker-4/target:/opt/rustwide/target:rw,Z" "-v" "/var/lib/crater-agent-workspace/builds/worker-4/source:/opt/rustwide/workdir:ro,Z" "-v" "/var/lib/crater-agent-workspace/cargo-home:/opt/rustwide/cargo-home:ro,Z" "-v" "/var/lib/crater-agent-workspace/rustup-home:/opt/rustwide/rustup-home:ro,Z" "-e" "SOURCE_DIR=/opt/rustwide/workdir" "-e" "CARGO_TARGET_DIR=/opt/rustwide/target" "-e" "CARGO_INCREMENTAL=0" "-e" "RUST_BACKTRACE=full" "-e" "RUSTFLAGS=--cap-lints=forbid" "-e" "CARGO_HOME=/opt/rustwide/cargo-home" "-e" "RUSTUP_HOME=/opt/rustwide/rustup-home" "-w" "/opt/rustwide/workdir" "-m" "1610612736" "--user" "0:0" "--network" "none" "ghcr.io/rust-lang/crates-build-env/linux@sha256:20528e8c29e4536546f0102ce88568b16ea7538393a33fcca951030f7af10457" "/opt/rustwide/cargo-home/bin/cargo" "+ff34b919075f35a1787659e9c448a34b06bab8de" "build" "--frozen" "--message-format=json", kill_on_drop: false }`
[INFO] [stderr] WARNING: Your kernel does not support swap limit capabilities or the cgroup is not mounted. Memory limited without swap.
[INFO] [stdout] acf42667f6d00f0ce03f162284fe293eb073b94dd9ea322b58d9038cbfe61485
[INFO] running `Command { std: "docker" "start" "-a" "acf42667f6d00f0ce03f162284fe293eb073b94dd9ea322b58d9038cbfe61485", kill_on_drop: false }`
[INFO] [stderr]    Compiling libc v0.2.40
[INFO] [stderr]    Compiling lazy_static v1.0.0
[INFO] [stderr]    Compiling version_check v0.1.3
[INFO] [stderr]    Compiling byteorder v1.2.2
[INFO] [stderr]    Compiling scopeguard v0.3.3
[INFO] [stderr]    Compiling nodrop v0.1.12
[INFO] [stderr]    Compiling memoffset v0.2.1
[INFO] [stderr]    Compiling cc v1.0.15
[INFO] [stderr]    Compiling futures v0.1.21
[INFO] [stderr]    Compiling serde v1.0.45
[INFO] [stderr]    Compiling safemem v0.2.0
[INFO] [stderr]    Compiling slab v0.4.0
[INFO] [stderr]    Compiling lazycell v0.6.0
[INFO] [stderr]    Compiling matches v0.1.6
[INFO] [stderr]    Compiling num-traits v0.2.2
[INFO] [stderr]    Compiling rayon-core v1.4.0
[INFO] [stderr]    Compiling yansi v0.4.0
[INFO] [stderr]    Compiling lazy_static v0.2.11
[INFO] [stderr]    Compiling unicode-normalization v0.1.6
[INFO] [stderr]    Compiling siphasher v0.2.2
[INFO] [stderr]    Compiling openssl v0.9.24
[INFO] [stderr]    Compiling gcc v0.3.54
[INFO] [stderr]    Compiling httparse v1.2.4
[INFO] [stderr]    Compiling rustc-serialize v0.3.24
[INFO] [stderr]    Compiling scoped-tls v0.1.2
[INFO] [stderr]    Compiling bitflags v0.9.1
[INFO] [stderr]    Compiling untrusted v0.5.1
[INFO] [stderr]    Compiling build_const v0.2.1
[INFO] [stderr]    Compiling take v0.1.0
[INFO] [stderr]    Compiling either v1.5.0
[INFO] [stderr]    Compiling traitobject v0.1.0
[INFO] [stderr]    Compiling slab v0.3.0
[INFO] [stderr]    Compiling smallvec v0.2.1
[INFO] [stderr]    Compiling dtoa v0.4.2
[INFO] [stderr]    Compiling state v0.4.1
[INFO] [stderr]    Compiling pear v0.0.16
[INFO] [stderr]    Compiling itoa v0.4.1
[INFO] [stderr]    Compiling ordermap v0.2.13
[INFO] [stderr]    Compiling openssl v0.10.7
[INFO] [stderr]    Compiling itoa v0.3.4
[INFO] [stderr]    Compiling maud_htmlescape v0.17.0 (https://github.com/lfairy/maud.git?branch=master#7c63fc13)
[INFO] [stderr]    Compiling literalext v0.1.1
[INFO] [stderr]    Compiling adler32 v1.0.2
[INFO] [stderr]    Compiling crossbeam-utils v0.3.2
[INFO] [stderr]    Compiling crossbeam-utils v0.2.2
[INFO] [stderr]    Compiling proc-macro2 v0.3.8
[INFO] [stderr]    Compiling encoding_rs v0.7.2
[INFO] [stderr]    Compiling arrayvec v0.4.7
[INFO] [stderr]    Compiling unicode-bidi v0.3.4
[INFO] [stderr]    Compiling log v0.3.9
[INFO] [stderr]    Compiling coco v0.2.1
[INFO] [stderr]    Compiling base64 v0.9.1
[INFO] [stderr]    Compiling base64 v0.6.0
[INFO] [stderr]    Compiling crc v1.8.1
[INFO] [stderr]    Compiling rand v0.4.2
[INFO] [stderr]    Compiling num_cpus v1.8.0
[INFO] [stderr]    Compiling iovec v0.1.2
[INFO] [stderr]    Compiling time v0.1.39
[INFO] [stderr]    Compiling net2 v0.2.32
[INFO] [stderr]    Compiling memchr v1.0.2
[INFO] [stderr]    Compiling memchr v2.0.1
[INFO] [stderr]    Compiling isatty v0.1.7
[INFO] [stderr]    Compiling mime v0.2.6
[INFO] [stderr]    Compiling unicase v1.4.2
[INFO] [stderr]    Compiling unicase v2.1.0
[INFO] [stderr]    Compiling pear_codegen v0.0.16
[INFO] [stderr]    Compiling rocket v0.3.10
[INFO] [stderr]    Compiling rocket_codegen v0.3.10
[INFO] [stderr]    Compiling historian v3.0.4
[INFO] [stderr]    Compiling bytes v0.4.7
[INFO] [stderr]    Compiling crossbeam-epoch v0.4.1
[INFO] [stderr]    Compiling crossbeam-epoch v0.3.1
[INFO] [stderr]    Compiling nom v3.2.1
[INFO] [stderr]    Compiling mio v0.6.14
[INFO] [stderr]    Compiling num-integer v0.1.36
[INFO] [stderr]    Compiling quote v0.5.2
[INFO] [stderr]    Compiling rand v0.3.22
[INFO] [stderr]    Compiling maud_macros v0.17.4 (https://github.com/lfairy/maud.git?branch=master#7c63fc13)
[INFO] [stdout] error[E0557]: feature has been removed
[INFO] [stdout]  --> /opt/rustwide/cargo-home/git/checkouts/maud-588f745ae3a2d730/7c63fc1/maud_macros/src/lib.rs:2:12
[INFO] [stdout]   |
[INFO] [stdout] 2 | #![feature(proc_macro_non_items)]
[INFO] [stdout]   |            ^^^^^^^^^^^^^^^^^^^^ feature has been removed
[INFO] [stdout]   |
[INFO] [stdout]   = note: subsumed by `#![feature(proc_macro_hygiene)]`
[INFO] [stdout] 
[INFO] [stdout] 
[INFO] [stdout] error[E0658]: use of unstable library feature 'proc_macro_quote'
[INFO] [stdout]   --> /opt/rustwide/cargo-home/git/checkouts/maud-588f745ae3a2d730/7c63fc1/maud_macros/src/build.rs:28:17
[INFO] [stdout]    |
[INFO] [stdout] 28 |                 quote!($output_ident.push_str($string);)
[INFO] [stdout]    |                 ^^^^^
[INFO] [stdout]    |
[INFO] [stdout]    = note: see issue #54722 <https://github.com/rust-lang/rust/issues/54722> for more information
[INFO] [stdout]    = help: add `#![feature(proc_macro_quote)]` to the crate attributes to enable
[INFO] [stdout] 
[INFO] [stdout] 
[INFO] [stderr]    Compiling uuid v0.5.1
[INFO] [stdout] error[E0658]: use of unstable library feature 'proc_macro_quote'
[INFO] [stdout]   --> /opt/rustwide/cargo-home/git/checkouts/maud-588f745ae3a2d730/7c63fc1/maud_macros/src/build.rs:60:19
[INFO] [stdout]    |
[INFO] [stdout] 60 |         self.push(quote!({
[INFO] [stdout]    |                   ^^^^^
[INFO] [stdout]    |
[INFO] [stdout]    = note: see issue #54722 <https://github.com/rust-lang/rust/issues/54722> for more information
[INFO] [stdout]    = help: add `#![feature(proc_macro_quote)]` to the crate attributes to enable
[INFO] [stdout] 
[INFO] [stdout] 
[INFO] [stdout] error[E0658]: use of unstable library feature 'proc_macro_quote'
[INFO] [stdout]    --> /opt/rustwide/cargo-home/git/checkouts/maud-588f745ae3a2d730/7c63fc1/maud_macros/src/build.rs:123:19
[INFO] [stdout]     |
[INFO] [stdout] 123 |         self.push(quote!(if $cond { $body }));
[INFO] [stdout]     |                   ^^^^^
[INFO] [stdout]     |
[INFO] [stdout]     = note: see issue #54722 <https://github.com/rust-lang/rust/issues/54722> for more information
[INFO] [stdout]     = help: add `#![feature(proc_macro_quote)]` to the crate attributes to enable
[INFO] [stdout] 
[INFO] [stdout] 
[INFO] [stdout] error[E0658]: use of unstable library feature 'proc_macro_quote'
[INFO] [stdout]   --> /opt/rustwide/cargo-home/git/checkouts/maud-588f745ae3a2d730/7c63fc1/maud_macros/src/lib.rs:44:5
[INFO] [stdout]    |
[INFO] [stdout] 44 |     quote!({
[INFO] [stdout]    |     ^^^^^
[INFO] [stdout]    |
[INFO] [stdout]    = note: see issue #54722 <https://github.com/rust-lang/rust/issues/54722> for more information
[INFO] [stdout]    = help: add `#![feature(proc_macro_quote)]` to the crate attributes to enable
[INFO] [stdout] 
[INFO] [stdout] 
[INFO] [stdout] error[E0432]: unresolved import `proc_macro::Term`
[INFO] [stdout]   --> /opt/rustwide/cargo-home/git/checkouts/maud-588f745ae3a2d730/7c63fc1/maud_macros/src/lib.rs:17:33
[INFO] [stdout]    |
[INFO] [stdout] 17 | use proc_macro::{Literal, Span, Term, TokenStream, TokenTree};
[INFO] [stdout]    |                                 ^^^^ no `Term` in the root
[INFO] [stdout] 
[INFO] [stdout] 
[INFO] [stderr]    Compiling crossbeam-deque v0.3.1
[INFO] [stdout] error[E0658]: use of unstable library feature 'proc_macro_quote'
[INFO] [stdout]   --> /opt/rustwide/cargo-home/git/checkouts/maud-588f745ae3a2d730/7c63fc1/maud_macros/src/lib.rs:18:5
[INFO] [stdout]    |
[INFO] [stdout] 18 | use proc_macro::quote;
[INFO] [stdout]    |     ^^^^^^^^^^^^^^^^^
[INFO] [stdout]    |
[INFO] [stdout]    = note: see issue #54722 <https://github.com/rust-lang/rust/issues/54722> for more information
[INFO] [stdout]    = help: add `#![feature(proc_macro_quote)]` to the crate attributes to enable
[INFO] [stdout] 
[INFO] [stdout] 
[INFO] [stdout] error[E0658]: use of unstable library feature 'proc_macro_quote'
[INFO] [stdout]  --> /opt/rustwide/cargo-home/git/checkouts/maud-588f745ae3a2d730/7c63fc1/maud_macros/src/build.rs:2:5
[INFO] [stdout]   |
[INFO] [stdout] 2 | use proc_macro::quote;
[INFO] [stdout]   |     ^^^^^^^^^^^^^^^^^
[INFO] [stdout]   |
[INFO] [stdout]   = note: see issue #54722 <https://github.com/rust-lang/rust/issues/54722> for more information
[INFO] [stdout]   = help: add `#![feature(proc_macro_quote)]` to the crate attributes to enable
[INFO] [stdout] 
[INFO] [stdout] 
[INFO] [stderr]    Compiling num-iter v0.1.35
[INFO] [stderr]    Compiling chrono v0.4.2
[INFO] [stderr]    Compiling idna v0.1.4
[INFO] [stderr]    Compiling crossbeam-deque v0.2.0
[INFO] [stdout] error[E0599]: no variant or associated item named `Term` found for enum `proc_macro::TokenTree` in the current scope
[INFO] [stdout]   --> /opt/rustwide/cargo-home/git/checkouts/maud-588f745ae3a2d730/7c63fc1/maud_macros/src/lib.rs:35:35
[INFO] [stdout]    |
[INFO] [stdout] 35 |     let output_ident = TokenTree::Term(Term::new("__maud_output", Span::def_site()));
[INFO] [stdout]    |                                   ^^^^ variant or associated item not found in `proc_macro::TokenTree`
[INFO] [stdout] 
[INFO] [stdout] 
[INFO] [stdout] error[E0658]: use of unstable library feature 'proc_macro_def_site'
[INFO] [stdout]   --> /opt/rustwide/cargo-home/git/checkouts/maud-588f745ae3a2d730/7c63fc1/maud_macros/src/lib.rs:35:67
[INFO] [stdout]    |
[INFO] [stdout] 35 |     let output_ident = TokenTree::Term(Term::new("__maud_output", Span::def_site()));
[INFO] [stdout]    |                                                                   ^^^^^^^^^^^^^^
[INFO] [stdout]    |
[INFO] [stdout]    = note: see issue #54724 <https://github.com/rust-lang/rust/issues/54724> for more information
[INFO] [stdout]    = help: add `#![feature(proc_macro_def_site)]` to the crate attributes to enable
[INFO] [stdout] 
[INFO] [stdout] 
[INFO] [stdout] error[E0599]: no variant or associated item named `Op` found for enum `proc_macro::TokenTree` in the current scope
[INFO] [stdout]   --> /opt/rustwide/cargo-home/git/checkouts/maud-588f745ae3a2d730/7c63fc1/maud_macros/src/parse.rs:99:34
[INFO] [stdout]    |
[INFO] [stdout] 99 |                 Some((TokenTree::Op(op), _)) if op.op() == ';' => self.advance(),
[INFO] [stdout]    |                                  ^^ variant or associated item not found in `proc_macro::TokenTree`
[INFO] [stdout] 
[INFO] [stdout] 
[INFO] [stdout] error[E0599]: no variant or associated item named `Op` found for enum `proc_macro::TokenTree` in the current scope
[INFO] [stdout]    --> /opt/rustwide/cargo-home/git/checkouts/maud-588f745ae3a2d730/7c63fc1/maud_macros/src/parse.rs:100:34
[INFO] [stdout]     |
[INFO] [stdout] 100 |                 Some((TokenTree::Op(op), Some(TokenTree::Term(term)))) if op.op() == '@' && term.as_str() == "let" => {
[INFO] [stdout]     |                                  ^^ variant or associated item not found in `proc_macro::TokenTree`
[INFO] [stdout] 
[INFO] [stdout] 
[INFO] [stdout] error[E0599]: no variant or associated item named `Term` found for enum `proc_macro::TokenTree` in the current scope
[INFO] [stdout]    --> /opt/rustwide/cargo-home/git/checkouts/maud-588f745ae3a2d730/7c63fc1/maud_macros/src/parse.rs:100:58
[INFO] [stdout]     |
[INFO] [stdout] 100 |                 Some((TokenTree::Op(op), Some(TokenTree::Term(term)))) if op.op() == '@' && term.as_str() == "let" => {
[INFO] [stdout]     |                                                          ^^^^ variant or associated item not found in `proc_macro::TokenTree`
[INFO] [stdout] 
[INFO] [stdout] 
[INFO] [stdout] error[E0599]: no variant or associated item named `Term` found for enum `proc_macro::TokenTree` in the current scope
[INFO] [stdout]    --> /opt/rustwide/cargo-home/git/checkouts/maud-588f745ae3a2d730/7c63fc1/maud_macros/src/parse.rs:106:49
[INFO] [stdout]     |
[INFO] [stdout] 106 |                         builder.push(TokenTree::Term(term));
[INFO] [stdout]     |                                                 ^^^^ variant or associated item not found in `proc_macro::TokenTree`
[INFO] [stdout] 
[INFO] [stdout] 
[INFO] [stdout] error[E0599]: no variant or associated item named `Op` found for enum `proc_macro::TokenTree` in the current scope
[INFO] [stdout]    --> /opt/rustwide/cargo-home/git/checkouts/maud-588f745ae3a2d730/7c63fc1/maud_macros/src/parse.rs:130:24
[INFO] [stdout]     |
[INFO] [stdout] 130 |             TokenTree::Op(op) if op.op() == '@' => {
[INFO] [stdout]     |                        ^^ variant or associated item not found in `proc_macro::TokenTree`
[INFO] [stdout] 
[INFO] [stdout] 
[INFO] [stdout] error[E0599]: no variant or associated item named `Term` found for enum `proc_macro::TokenTree` in the current scope
[INFO] [stdout]    --> /opt/rustwide/cargo-home/git/checkouts/maud-588f745ae3a2d730/7c63fc1/maud_macros/src/parse.rs:148:24
[INFO] [stdout]     |
[INFO] [stdout] 148 |             TokenTree::Term(_) => {
[INFO] [stdout]     |                        ^^^^ variant or associated item not found in `proc_macro::TokenTree`
[INFO] [stdout] 
[INFO] [stdout] 
[INFO] [stdout] error[E0599]: no variant or associated item named `Term` found for enum `proc_macro::TokenTree` in the current scope
[INFO] [stdout]    --> /opt/rustwide/cargo-home/git/checkouts/maud-588f745ae3a2d730/7c63fc1/maud_macros/src/parse.rs:133:37
[INFO] [stdout]     |
[INFO] [stdout] 133 |                     Some(TokenTree::Term(term)) => {
[INFO] [stdout]     |                                     ^^^^ variant or associated item not found in `proc_macro::TokenTree`
[INFO] [stdout] 
[INFO] [stdout] 
[INFO] [stdout] error[E0599]: no variant or associated item named `Term` found for enum `proc_macro::TokenTree` in the current scope
[INFO] [stdout]    --> /opt/rustwide/cargo-home/git/checkouts/maud-588f745ae3a2d730/7c63fc1/maud_macros/src/parse.rs:134:49
[INFO] [stdout]     |
[INFO] [stdout] 134 |                         builder.push(TokenTree::Term(term));
[INFO] [stdout]     |                                                 ^^^^ variant or associated item not found in `proc_macro::TokenTree`
[INFO] [stdout] 
[INFO] [stdout] 
[INFO] [stdout] error[E0599]: no variant or associated item named `Op` found for enum `proc_macro::TokenTree` in the current scope
[INFO] [stdout]    --> /opt/rustwide/cargo-home/git/checkouts/maud-588f745ae3a2d730/7c63fc1/maud_macros/src/parse.rs:202:28
[INFO] [stdout]     |
[INFO] [stdout] 202 |                 TokenTree::Op(op),
[INFO] [stdout]     |                            ^^ variant or associated item not found in `proc_macro::TokenTree`
[INFO] [stdout] 
[INFO] [stdout] 
[INFO] [stdout] error[E0599]: no variant or associated item named `Term` found for enum `proc_macro::TokenTree` in the current scope
[INFO] [stdout]    --> /opt/rustwide/cargo-home/git/checkouts/maud-588f745ae3a2d730/7c63fc1/maud_macros/src/parse.rs:203:33
[INFO] [stdout]     |
[INFO] [stdout] 203 |                 Some(TokenTree::Term(else_keyword)),
[INFO] [stdout]     |                                 ^^^^ variant or associated item not found in `proc_macro::TokenTree`
[INFO] [stdout] 
[INFO] [stdout] 
[INFO] [stdout] error[E0599]: no variant or associated item named `Term` found for enum `proc_macro::TokenTree` in the current scope
[INFO] [stdout]    --> /opt/rustwide/cargo-home/git/checkouts/maud-588f745ae3a2d730/7c63fc1/maud_macros/src/parse.rs:206:41
[INFO] [stdout]     |
[INFO] [stdout] 206 |                 builder.push(TokenTree::Term(else_keyword));
[INFO] [stdout]     |                                         ^^^^ variant or associated item not found in `proc_macro::TokenTree`
[INFO] [stdout] 
[INFO] [stdout] 
[INFO] [stdout] error[E0599]: no variant or associated item named `Term` found for enum `proc_macro::TokenTree` in the current scope
[INFO] [stdout]    --> /opt/rustwide/cargo-home/git/checkouts/maud-588f745ae3a2d730/7c63fc1/maud_macros/src/parse.rs:209:37
[INFO] [stdout]     |
[INFO] [stdout] 209 |                     Some(TokenTree::Term(if_keyword)) if if_keyword.as_str() == "if" => {
[INFO] [stdout]     |                                     ^^^^ variant or associated item not found in `proc_macro::TokenTree`
[INFO] [stdout] 
[INFO] [stdout] 
[INFO] [stdout] error[E0599]: no variant or associated item named `Term` found for enum `proc_macro::TokenTree` in the current scope
[INFO] [stdout]    --> /opt/rustwide/cargo-home/git/checkouts/maud-588f745ae3a2d730/7c63fc1/maud_macros/src/parse.rs:211:49
[INFO] [stdout]     |
[INFO] [stdout] 211 |                         builder.push(TokenTree::Term(if_keyword));
[INFO] [stdout]     |                                                 ^^^^ variant or associated item not found in `proc_macro::TokenTree`
[INFO] [stdout] 
[INFO] [stdout] 
[INFO] [stderr]    Compiling openssl-sys v0.9.30
[INFO] [stderr]    Compiling backtrace-sys v0.1.16
[INFO] [stdout] error[E0599]: no variant or associated item named `Term` found for enum `proc_macro::TokenTree` in the current scope
[INFO] [stdout]    --> /opt/rustwide/cargo-home/git/checkouts/maud-588f745ae3a2d730/7c63fc1/maud_macros/src/parse.rs:256:33
[INFO] [stdout]     |
[INFO] [stdout] 256 |                 Some(TokenTree::Term(in_keyword)) if in_keyword.as_str() == "in" => {
[INFO] [stdout]     |                                 ^^^^ variant or associated item not found in `proc_macro::TokenTree`
[INFO] [stdout] 
[INFO] [stdout] 
[INFO] [stdout] error[E0599]: no variant or associated item named `Term` found for enum `proc_macro::TokenTree` in the current scope
[INFO] [stdout]    --> /opt/rustwide/cargo-home/git/checkouts/maud-588f745ae3a2d730/7c63fc1/maud_macros/src/parse.rs:257:45
[INFO] [stdout]     |
[INFO] [stdout] 257 |                     builder.push(TokenTree::Term(in_keyword));
[INFO] [stdout]     |                                             ^^^^ variant or associated item not found in `proc_macro::TokenTree`
[INFO] [stdout] 
[INFO] [stdout] 
[INFO] [stdout] error[E0599]: no variant or associated item named `Op` found for enum `proc_macro::TokenTree` in the current scope
[INFO] [stdout]    --> /opt/rustwide/cargo-home/git/checkouts/maud-588f745ae3a2d730/7c63fc1/maud_macros/src/parse.rs:311:34
[INFO] [stdout]     |
[INFO] [stdout] 311 |                 Some((TokenTree::Op(eq), Some(TokenTree::Op(gt))))
[INFO] [stdout]     |                                  ^^ variant or associated item not found in `proc_macro::TokenTree`
[INFO] [stdout] 
[INFO] [stdout] 
[INFO] [stdout] error[E0599]: no variant or associated item named `Op` found for enum `proc_macro::TokenTree` in the current scope
[INFO] [stdout]    --> /opt/rustwide/cargo-home/git/checkouts/maud-588f745ae3a2d730/7c63fc1/maud_macros/src/parse.rs:311:58
[INFO] [stdout]     |
[INFO] [stdout] 311 |                 Some((TokenTree::Op(eq), Some(TokenTree::Op(gt))))
[INFO] [stdout]     |                                                          ^^ variant or associated item not found in `proc_macro::TokenTree`
[INFO] [stdout] 
[INFO] [stdout] 
[INFO] [stdout] error[E0599]: no variant or associated item named `Op` found for enum `proc_macro::TokenTree` in the current scope
[INFO] [stdout]    --> /opt/rustwide/cargo-home/git/checkouts/maud-588f745ae3a2d730/7c63fc1/maud_macros/src/parse.rs:314:41
[INFO] [stdout]     |
[INFO] [stdout] 314 |                     pat.push(TokenTree::Op(eq));
[INFO] [stdout]     |                                         ^^ variant or associated item not found in `proc_macro::TokenTree`
[INFO] [stdout] 
[INFO] [stdout] 
[INFO] [stdout] error[E0599]: no variant or associated item named `Op` found for enum `proc_macro::TokenTree` in the current scope
[INFO] [stdout]    --> /opt/rustwide/cargo-home/git/checkouts/maud-588f745ae3a2d730/7c63fc1/maud_macros/src/parse.rs:315:41
[INFO] [stdout]     |
[INFO] [stdout] 315 |                     pat.push(TokenTree::Op(gt));
[INFO] [stdout]     |                                         ^^ variant or associated item not found in `proc_macro::TokenTree`
[INFO] [stdout] 
[INFO] [stdout] 
[INFO] [stdout] error[E0599]: no variant or associated item named `Op` found for enum `proc_macro::TokenTree` in the current scope
[INFO] [stdout]    --> /opt/rustwide/cargo-home/git/checkouts/maud-588f745ae3a2d730/7c63fc1/maud_macros/src/parse.rs:335:40
[INFO] [stdout]     |
[INFO] [stdout] 335 |                 if let Some(TokenTree::Op(op)) = self.peek() {
[INFO] [stdout]     |                                        ^^ variant or associated item not found in `proc_macro::TokenTree`
[INFO] [stdout] 
[INFO] [stdout] 
[INFO] [stdout] error[E0599]: no variant or associated item named `Op` found for enum `proc_macro::TokenTree` in the current scope
[INFO] [stdout]    --> /opt/rustwide/cargo-home/git/checkouts/maud-588f745ae3a2d730/7c63fc1/maud_macros/src/parse.rs:348:41
[INFO] [stdout]     |
[INFO] [stdout] 348 |                         Some(TokenTree::Op(o)) if o.op() == ',' => break,
[INFO] [stdout]     |                                         ^^ variant or associated item not found in `proc_macro::TokenTree`
[INFO] [stdout] 
[INFO] [stdout] 
[INFO] [stdout] error[E0658]: use of unstable library feature 'proc_macro_span'
[INFO] [stdout]    --> /opt/rustwide/cargo-home/git/checkouts/maud-588f745ae3a2d730/7c63fc1/maud_macros/src/parse.rs:350:61
[INFO] [stdout]     |
[INFO] [stdout] 350 | ...                   if let Some(bigger_span) = span.join(token.span()) {
[INFO] [stdout]     |                                                       ^^^^
[INFO] [stdout]     |
[INFO] [stdout]     = note: see issue #54725 <https://github.com/rust-lang/rust/issues/54725> for more information
[INFO] [stdout]     = help: add `#![feature(proc_macro_span)]` to the crate attributes to enable
[INFO] [stdout] 
[INFO] [stdout] 
[INFO] [stdout] error[E0599]: no variant or associated item named `Op` found for enum `proc_macro::TokenTree` in the current scope
[INFO] [stdout]    --> /opt/rustwide/cargo-home/git/checkouts/maud-588f745ae3a2d730/7c63fc1/maud_macros/src/parse.rs:373:36
[INFO] [stdout]     |
[INFO] [stdout] 373 |                         TokenTree::Op(ref op) if op.op() == '=' => {
[INFO] [stdout]     |                                    ^^ variant or associated item not found in `proc_macro::TokenTree`
[INFO] [stdout] 
[INFO] [stdout] 
[INFO] [stdout] error[E0599]: no variant or associated item named `Op` found for enum `proc_macro::TokenTree` in the current scope
[INFO] [stdout]    --> /opt/rustwide/cargo-home/git/checkouts/maud-588f745ae3a2d730/7c63fc1/maud_macros/src/parse.rs:387:36
[INFO] [stdout]     |
[INFO] [stdout] 387 |                         TokenTree::Op(ref op) if op.op() == ';' => {
[INFO] [stdout]     |                                    ^^ variant or associated item not found in `proc_macro::TokenTree`
[INFO] [stdout] 
[INFO] [stdout] 
[INFO] [stdout] error[E0599]: no variant or associated item named `Op` found for enum `proc_macro::TokenTree` in the current scope
[INFO] [stdout]    --> /opt/rustwide/cargo-home/git/checkouts/maud-588f745ae3a2d730/7c63fc1/maud_macros/src/parse.rs:411:29
[INFO] [stdout]     |
[INFO] [stdout] 411 |             Some(TokenTree::Op(o)) if o.op() == ';' || o.op() == '/' => {
[INFO] [stdout]     |                             ^^ variant or associated item not found in `proc_macro::TokenTree`
[INFO] [stdout] 
[INFO] [stdout] 
[INFO] [stdout] error[E0599]: no variant or associated item named `Op` found for enum `proc_macro::TokenTree` in the current scope
[INFO] [stdout]    --> /opt/rustwide/cargo-home/git/checkouts/maud-588f745ae3a2d730/7c63fc1/maud_macros/src/parse.rs:434:48
[INFO] [stdout]     |
[INFO] [stdout] 434 |                 (Ok(ref name), Some(TokenTree::Op(ref op))) if op.op() == '=' => {
[INFO] [stdout]     |                                                ^^ variant or associated item not found in `proc_macro::TokenTree`
[INFO] [stdout] 
[INFO] [stdout] 
[INFO] [stdout] error[E0599]: no variant or associated item named `Op` found for enum `proc_macro::TokenTree` in the current scope
[INFO] [stdout]    --> /opt/rustwide/cargo-home/git/checkouts/maud-588f745ae3a2d730/7c63fc1/maud_macros/src/parse.rs:446:48
[INFO] [stdout]     |
[INFO] [stdout] 446 |                 (Ok(ref name), Some(TokenTree::Op(ref op))) if op.op() == '?' => {
[INFO] [stdout]     |                                                ^^ variant or associated item not found in `proc_macro::TokenTree`
[INFO] [stdout] 
[INFO] [stdout] 
[INFO] [stdout] error[E0599]: no variant or associated item named `Op` found for enum `proc_macro::TokenTree` in the current scope
[INFO] [stdout]    --> /opt/rustwide/cargo-home/git/checkouts/maud-588f745ae3a2d730/7c63fc1/maud_macros/src/parse.rs:462:42
[INFO] [stdout]     |
[INFO] [stdout] 462 |                 (Err(_), Some(TokenTree::Op(op))) if op.op() == '.' => {
[INFO] [stdout]     |                                          ^^ variant or associated item not found in `proc_macro::TokenTree`
[INFO] [stdout] 
[INFO] [stdout] 
[INFO] [stdout] error[E0599]: no variant or associated item named `Op` found for enum `proc_macro::TokenTree` in the current scope
[INFO] [stdout]    --> /opt/rustwide/cargo-home/git/checkouts/maud-588f745ae3a2d730/7c63fc1/maud_macros/src/parse.rs:474:42
[INFO] [stdout]     |
[INFO] [stdout] 474 |                 (Err(_), Some(TokenTree::Op(op))) if op.op() == '#' => {
[INFO] [stdout]     |                                          ^^ variant or associated item not found in `proc_macro::TokenTree`
[INFO] [stdout] 
[INFO] [stdout] 
[INFO] [stdout] error[E0599]: no variant or associated item named `Term` found for enum `proc_macro::TokenTree` in the current scope
[INFO] [stdout]    --> /opt/rustwide/cargo-home/git/checkouts/maud-588f745ae3a2d730/7c63fc1/maud_macros/src/parse.rs:521:44
[INFO] [stdout]     |
[INFO] [stdout] 521 |         let mut s = if let Some(TokenTree::Term(term)) = self.peek() {
[INFO] [stdout]     |                                            ^^^^ variant or associated item not found in `proc_macro::TokenTree`
[INFO] [stdout] 
[INFO] [stdout] 
[INFO] [stdout] error[E0599]: no variant or associated item named `Op` found for enum `proc_macro::TokenTree` in the current scope
[INFO] [stdout]    --> /opt/rustwide/cargo-home/git/checkouts/maud-588f745ae3a2d730/7c63fc1/maud_macros/src/parse.rs:530:33
[INFO] [stdout]     |
[INFO] [stdout] 530 |                 Some(TokenTree::Op(op)) if op.op() == '-' => {
[INFO] [stdout]     |                                 ^^ variant or associated item not found in `proc_macro::TokenTree`
[INFO] [stdout] 
[INFO] [stdout] 
[INFO] [stdout] error[E0599]: no variant or associated item named `Term` found for enum `proc_macro::TokenTree` in the current scope
[INFO] [stdout]    --> /opt/rustwide/cargo-home/git/checkouts/maud-588f745ae3a2d730/7c63fc1/maud_macros/src/parse.rs:535:33
[INFO] [stdout]     |
[INFO] [stdout] 535 |                 Some(TokenTree::Term(term)) if expect_ident => {
[INFO] [stdout]     |                                 ^^^^ variant or associated item not found in `proc_macro::TokenTree`
[INFO] [stdout] 
[INFO] [stdout] 
[INFO] [stdout] error[E0599]: no variant or associated item named `Op` found for enum `proc_macro::TokenTree` in the current scope
[INFO] [stdout]    --> /opt/rustwide/cargo-home/git/checkouts/maud-588f745ae3a2d730/7c63fc1/maud_macros/src/parse.rs:550:32
[INFO] [stdout]     |
[INFO] [stdout] 550 |         if let Some(TokenTree::Op(op)) = self.peek() {
[INFO] [stdout]     |                                ^^ variant or associated item not found in `proc_macro::TokenTree`
[INFO] [stdout] 
[INFO] [stdout] 
[INFO] [stdout] error[E0557]: feature has been removed
[INFO] [stdout]  --> /opt/rustwide/cargo-home/registry/src/github.com-1ecc6299db9ec823/pear_codegen-0.0.16/src/lib.rs:1:45
[INFO] [stdout]   |
[INFO] [stdout] 1 | #![feature(plugin_registrar, rustc_private, quote)]
[INFO] [stdout]   |                                             ^^^^^ feature has been removed
[INFO] [stdout] 
[INFO] [stdout] 
[INFO] [stdout] error[E0462]: found staticlib `rustc` instead of rlib or dylib
[INFO] [stdout]  --> /opt/rustwide/cargo-home/registry/src/github.com-1ecc6299db9ec823/pear_codegen-0.0.16/src/lib.rs:3:1
[INFO] [stdout]   |
[INFO] [stdout] 3 | extern crate rustc;
[INFO] [stdout]   | ^^^^^^^^^^^^^^^^^^^
[INFO] [stdout]   |
[INFO] [stdout]   = help: please recompile that crate using --crate-type lib
[INFO] [stdout]   = note: the following crate versions were found:
[INFO] [stdout]           crate `rustc`: /opt/rustwide/rustup-home/toolchains/ff34b919075f35a1787659e9c448a34b06bab8de/lib/rustlib/x86_64-unknown-linux-gnu/lib/librustc-nightly_rt.msan.a
[INFO] [stdout]           crate `rustc`: /opt/rustwide/rustup-home/toolchains/ff34b919075f35a1787659e9c448a34b06bab8de/lib/rustlib/x86_64-unknown-linux-gnu/lib/librustc-nightly_rt.lsan.a
[INFO] [stdout]           crate `rustc`: /opt/rustwide/rustup-home/toolchains/ff34b919075f35a1787659e9c448a34b06bab8de/lib/rustlib/x86_64-unknown-linux-gnu/lib/librustc-nightly_rt.asan.a
[INFO] [stdout]           crate `rustc`: /opt/rustwide/rustup-home/toolchains/ff34b919075f35a1787659e9c448a34b06bab8de/lib/rustlib/x86_64-unknown-linux-gnu/lib/librustc-nightly_rt.tsan.a
[INFO] [stdout] 
[INFO] [stdout] 
[INFO] [stdout] error: aborting due to 2 previous errors
[INFO] [stdout] 
[INFO] [stdout] 
[INFO] [stdout] For more information about this error, try `rustc --explain E0557`.
[INFO] [stdout] 
[INFO] [stderr] error: could not compile `pear_codegen`
[INFO] [stderr] 
[INFO] [stderr] To learn more, run the command again with --verbose.
[INFO] [stderr] warning: build failed, waiting for other jobs to finish...
[INFO] [stdout] error: aborting due to 43 previous errors
[INFO] [stdout] 
[INFO] [stdout] 
[INFO] [stdout] Some errors have detailed explanations: E0432, E0557, E0599, E0658.
[INFO] [stdout] 
[INFO] [stdout] For more information about an error, try `rustc --explain E0432`.
[INFO] [stdout] 
[INFO] [stderr] error: build failed
[INFO] running `Command { std: "docker" "inspect" "acf42667f6d00f0ce03f162284fe293eb073b94dd9ea322b58d9038cbfe61485", kill_on_drop: false }`
[INFO] running `Command { std: "docker" "rm" "-f" "acf42667f6d00f0ce03f162284fe293eb073b94dd9ea322b58d9038cbfe61485", kill_on_drop: false }`
[INFO] [stdout] acf42667f6d00f0ce03f162284fe293eb073b94dd9ea322b58d9038cbfe61485
